-32)*4/y. Calculate the highest common factor of m and 17.
17
Let r = 36 + -39. Let i(w) = -16*w**3 + 3*w**2 + 6*w + 3. Let n be i(r). Let x be -2 + n/(-9)*9/(-6). Calculate the highest common factor of 24 and x.
24
Suppose s = 261 + 54. Let w(b) = 34*b**2 + 1. Let v(h) = 14*h - 57. Let o be v(4). Let x be w(o). Calculate the highest common divisor of x and s.
35
Let v be (-249 + 5)/(((-72)/(-27))/(-8)). What is the highest common factor of v and 4941?
183
Let r = 22993 - 15442. Calculate the highest common factor of r and 9.
9
Suppose -5*j + h + 188 = 0, -j + 101*h = 99*h - 34. What is the highest common factor of j and 14?
2
Let c(n) = -n**2 - 12*n + 2. Let m be c(-12). Suppose 47*g - 42*g - 25 = 0. What is the greatest common divisor of g and m?
1
Let o be (-450440)/(-320) - (-3)/8. Calculate the greatest common divisor of o and 66.
22
Let j(i) = i**2 + 2*i - 5. Let r be j(-5). Let x = 16 - r. Suppose 2*b - 96 = 4*q, 3*q = -41*b + 44*b - 153. What is the highest common divisor of x and b?
6
Let q = -33070 + 33090. Let j be (-2)/5 - 42/(-5). What is the greatest common divisor of q and j?
4
Suppose a + 4 = 2*a + 4*f, 2*a - 8 = -5*f. Suppose 0 = a*g - 1 - 3. Calculate the greatest common divisor of 31 and g.
1
Let d(u) = 4*u + 1. Let j be d(1). Suppose 0 = -2*t + 3*g - 2*g + 20, j*g = 5*t - 55. Suppose 3*w + t = 36. What is the highest common factor of 63 and w?
9
Let h = -345 + 345. Suppose -4*w + 4*o = h, -2*w + o = 1 - 3. Calculate the highest common factor of 22 and w.
2
Let b be (-20)/(-90) + (6 - (-657139)/63). Calculate the highest common divisor of 14 and b.
7
Suppose -25*t + 45*t - 7*t = 8944. Calculate the greatest common divisor of 1892 and t.
172
Let f be 6*-2*3/(-12). Suppose 5*q - 49 = -3*l, l - q = -f*l + 73. Let y = -13824 - -13826. What is the highest common factor of l and y?
2
Let v be -5*1/(-1)*1. Let i be ((-216)/162)/((-1)/3). Let r be (i/14)/((-16)/(-392)*7). Calculate the highest common factor of r and v.
1
Let s be 301 + (-6 - (6 - -1)). Calculate the greatest common divisor of 8352 and s.
288
Suppose 2*q - 8*m - 3874 = -11*m, 4*q + 3*m - 7730 = 0. What is the greatest common divisor of q and 8?
8
Suppose -44*j + 33*j + 583 = 0. Calculate the highest common divisor of 5194 and j.
53
Let p be 30/(-12) - (-170)/4. Suppose -38*b + 694 = -2346. What is the greatest common factor of b and p?
40
Let f = 2544 + -2530. Calculate the highest common divisor of f and 3647.
7
Suppose -2*k - 188 = -3*b, 2*b = -0*b - k + 130. Let i be 8/b*4*22. Let o(m) = 2*m**2 + 15*m. Let g be o(-11). What is the highest common divisor of g and i?
11
Let a = 63 - 24. Suppose -8*y + 0 - 24 = 0. Let c = y + a. What is the greatest common factor of c and 12?
12
Let t = -15071 + 15260. What is the greatest common factor of t and 2289?
21
Suppose 9*l + 32 = 25*l. Suppose -56 + 9 = -l*x + 5*o, -x - 4*o = -43. Let i = x - 25. What is the highest common factor of i and 6?
6
Suppose -4*w - 87*y = -91*y - 1408, 0 = 2*y + 2. Calculate the greatest common divisor of 2223 and w.
117
Suppose 76 = 22*y - 12. Suppose y*p - 284 = 1200. Calculate the highest common divisor of p and 53.
53
Let o = -11 - -18. Let p = o - 7. Suppose -2*z + 13 - 1 = p. What is the highest common factor of 4 and z?
2
Suppose -237 + 229 = -4*u. Suppose -21 = -5*b + 4, 0 = 2*j + u*b - 36. Let m = 31 + -18. Calculate the greatest common divisor of m and j.
13
Suppose 0 = 10*n + 68*n - 4992. What is the greatest common factor of n and 1?
1
Suppose -169*j + 77572 = -32954. Calculate the greatest common factor of j and 21909.
327
Let j be ((-19)/((-532)/238))/(3/120). Calculate the highest common factor of j and 5372.
68
Suppose 4*b + 25*b - 9879 = -8*b. Calculate the highest common factor of b and 4361.
89
Let c be (-20)/5 - ((-1)/(-1) - -2). Let h be (-11358)/(-63) + 2/c. What is the greatest common factor of 20 and h?
20
Suppose -5*r + 2*i = -96, -2*r = -5*r + 4*i + 52. Suppose -8*a = -13*a + r. Let v be (-40)/50*10/(-4). What is the greatest common factor of a and v?
2
Let k = 200 - 189. Suppose 1480 = -3*l + k*l. Calculate the highest common divisor of l and 74.
37
Let l be (-200)/1575*-21 - 637/(-3). Calculate the greatest common factor of 5 and l.
5
Let s(r) = -2*r - 9*r**2 - 6 + 11*r**2 - r - 14. Let q be s(-6). Calculate the highest common factor of 14 and q.
14
Suppose -5*f = -8*f - 4*d + 631, -5*f = 4*d - 1041. Let u = f + -85. What is the highest common factor of 48 and u?
24
Let f be ((-64)/(-24) - (-3)/(-1))/((-10)/30). What is the greatest common factor of 841 and f?
1
Suppose -7 = 4*y + 5*q + 42, 2*y - q = -7. Let m(p) = -4*p**2 - 10*p + 3*p**2 + 3*p + 2 + 10. Let d be m(y). What is the highest common factor of d and 54?
18
Let z(s) = 50 - 150*s + 80*s + s**3 + 89*s - 19*s**2. Let h be z(18). Let w = 104 - h. What is the greatest common divisor of 36 and w?
36
Let l = 440 - 413. Let g be (-1 + 1 - 2) + 299. Calculate the greatest common factor of g and l.
27
Suppose 5*b + 2*b - 7707 = 0. Suppose -a + 3*f - 294 = 0, b = 3*a - 7*a - 3*f. Let v = -183 - a. What is the highest common factor of v and 24?
24
Let i = -6 + 12. Suppose 3*h - 30 = 2*w, 0 = -h + 4*w - i*w + 2. Let x be -1 + (-6)/(-9) - 25/(-3). Calculate the highest common factor of x and h.
8
Suppose 0 = 11*i - 41*o + 43*o - 93347, 0 = -3*i + 3*o + 25476. What is the highest common factor of 23 and i?
23
Let a = -171 + 227. Suppose -4*y + 3*s = -a - 269, -327 = -4*y + s. What is the highest common divisor of 738 and y?
82
Suppose 5*b = 19 + 16. Suppose 0 = -0*v - 10*v + 320. Suppose -v*g + 1148 = -420. Calculate the greatest common divisor of g and b.
7
Suppose 614*l + 26393 = 5*b + 616*l, -26339 = -5*b + 4*l. What is the greatest common factor of 1477 and b?
211
Let y be (2 - 1) + -6 + 6. Let f be 1*-1*(-70 + y). Let k = 1208 + -1162. Calculate the greatest common divisor of f and k.
23
Suppose 0 = 81*b - 86*b - u + 450, 0 = -5*b - 3*u + 440. What is the greatest common factor of 224 and b?
7
Suppose -3*i = 2*a - 10704, -23*a + 5345 = -22*a + 5*i. What is the greatest common divisor of 126 and a?
63
Suppose -4535 = -42*f + 1086 - 875. Calculate the highest common divisor of f and 3503.
113
Let y(m) = m**3 - 15*m**2 + 28*m + 2. Let p be y(12). Let n = -70 - p. Calculate the highest common divisor of 40 and n.
8
Suppose 5*c + 2*s - 566 = 0, -3*c + 1152 - 828 = -4*s. What is the greatest common factor of 68 and c?
4
Suppose -c - 33*c = -313480. What is the highest common divisor of c and 40?
20
Let a(f) = -2*f**3 - 28*f + 8*f - 34 + 35*f**2 + 4*f**3. Let j be a(-18). Let h be (-59)/(-5) - j/(-10). What is the greatest common divisor of h and 4?
4
Let i = 16517 - 13187. Calculate the greatest common factor of 814 and i.
74
Let m be 516/1 + (141 - 140). Let u be -2 - (3 + -1*4). Let a = 46 - u. What is the greatest common divisor of m and a?
47
Let s(u) = -2*u + 5. Let x be s(0). Let z be 8 + (-6 - (12/3 + (6 - 9))). What is the greatest common divisor of x and z?
1
Let m(c) = c**3 - 4*c**2 + 8*c - 50. Let z be m(4). Let v(a) = -a**2 - 21*a - 40. Let r be v(z). Calculate the highest common divisor of r and 49.
7
Let d be (176/(-77))/(-8) - 346/(-14). Calculate the highest common factor of 80 and d.
5
Let b(z) = z**2 + 3*z + 10. Let q be b(-5). Suppose 35*l + 24 = 39*l. Let w be (9/6 + (-3)/l)*q. Calculate the highest common divisor of w and 100.
20
Suppose -7*a - 4 = -8*a. Suppose 0 = -2*j - j - 12, -5*j = a*r + 28. Let k be r/(-17) - 1216/(-68). What is the highest common divisor of k and 126?
18
Suppose 0 = -46*d + 21*d - 150. Let o be d*((-33)/(-44))/(6/(-4)). What is the highest common factor of 216 and o?
3
Let w(u) be the second derivative of 23*u**3/6 - 27*u**2 + 100*u. Let a be w(10). What is the highest common factor of 11 and a?
11
Let c = -118 - -120. Suppose -20 = 5*b - b, w = c*b + 17. What is the highest common divisor of w and 3?
1
Let v = -57 + 58. Let l be -10*v/4*-2. Suppose -l*n - 51 = -6*n. Calculate the highest common factor of 3 and n.
3
Let f(o) = 7*o - 26. Let p be f(7). Suppose 65 = 3*m + p. Let j be 4 - ((-14)/(-49) - 4/m). Calculate the highest common divisor of 48 and j.
4
Suppose -x - 2*b + 761 = -298, 0 = 5*b + 15. Calculate the greatest common divisor of x and 2556.
213
Suppose -9*w - 13